osite?
False
Suppose -3*c + 24*c + 84 = 0. Is (9 + -1 + 2)/(c/(-3194)) prime?
False
Let p(w) = -w**3 + w**2 + 5*w - 5. Let n be p(-5). Let s(a) = -150*a - 2723. Let k be s(-19). Suppose n*c - k = 119*c. Is c a composite number?
False
Let g(c) = c**2 + c + 26. Let r = -26 - -26. Let l be g(r). Suppose -8396 = l*w - 30*w. Is w a composite number?
False
Suppose -5618461 - 6834739 = -10*y. Is (-15)/(-25) - y/(-50) a prime number?
True
Suppose 107*n = 97*n + 20. Suppose -n*s = -10110 - 272. Is s a prime number?
False
Suppose -4*d + 85 = -5*g, d - 3*d = -4*g - 38. Suppose d = 4*y - j, -2 = -j - 3. Suppose 0 = 11*a - y*a - 2765. Is a prime?
False
Let u(t) = 10*t**3 - 5*t**2 + 102*t - 573. Is u(6) a composite number?
True
Suppose 0 = 65*j - 1442741 + 342876. Suppose -7*v + j = -4*v - 4*a, 3*v = -3*a + 16914. Is v a prime number?
True
Suppose 5*h + 103*h - 8140284 = 0. Is h prime?
False
Let x be (-129195)/(-20) - (-6)/(-8). Suppose 0 = -m - 2*m + x. Is m composite?
False
Suppose 0 = -517*q + 522*q - 30. Is ((-144)/q)/4 - -2963 composite?
False
Let c(f) = 288*f**2 - 5*f + 5. Let l = 129 - 127. Is c(l) a composite number?
True
Let u(a) = -203*a - 143. Let g(n) = -205*n - 144. Let m(z) = -3*g(z) + 2*u(z). Is m(21) prime?
False
Let q(t) = 4*t**3 + 84*t**2 + 43*t + 16. Let s(u) = -8*u**3 - 168*u**2 - 84*u - 33. Let c(m) = 5*q(m) + 2*s(m). Is c(-20) a prime number?
False
Let i(f) = 7*f + 15. Let z be i(-7). Is z/(-85)*(-5)/6*-67011 a prime number?
False
Suppose -2*x + 6*x + 32 = 0. Let h be ((-7)/(-1))/(x + 9). Suppose h*y + y = 2632. Is y prime?
False
Suppose -3*f + 2*a = -32983, 0*f = 3*f + 2*a - 32999. Suppose f = 2*z + 2175. Is z composite?
True
Let j = 91393 - -2188. Suppose i - 19856 = 5*c, 4*i + c = j - 14262. Is i prime?
False
Let u(z) = -163*z**3 + 41*z**2 - 19*z + 14. Is u(-11) a composite number?
False
Let n = 14 - -121. Let c be ((-16)/6)/((-30)/n). Is 11/66 + 5890/c composite?
False
Suppose 24*y - 3529018 = 805790. Is y a composite number?
False
Let h(u) = 3*u + 25. Let f(l) = -l**3 - 8*l**2 + l + 1. Let s be f(-8). Let k be h(s). Suppose 4*y + k*i = -0*y + 1364, 3*i - 1360 = -4*y. Is y composite?
False
Let i = 98 - 109. Let w be 24/(-132) - 11849/i. Let n = w + 1336. Is n a composite number?
True
Let n = 579699 + -264592. Is n a composite number?
True
Let f = 1448460 + -619933. Is f prime?
False
Let h(t) = 7*t**2 + 5*t - 19. Suppose 0 = -7*l + 5*l. Suppose 0*i + i - 6 = l. Is h(i) a composite number?
False
Let i(k) = -k**3 + 24*k**2 - 48*k - 3. Let h be i(20). Let t = h - 242. Let q = t + -172. Is q a composite number?
False
Suppose 6 = 9*d - 30. Let m(v) = 9*v**2 - 2*v - 10. Let c be m(d). Let g = 181 - c. Is g composite?
True
Let c(a) be the third derivative of 17*a**4/2 - 17*a**3/6 - 3*a**2 - 5. Is c(4) composite?
True
Is (-29*78/(-1508))/(6/593932) a prime number?
True
Suppose -29*u + 2*t = -31*u + 1645768, u - 822888 = t. Is u a prime number?
False
Suppose 0*j + j = 5*q - 10, -2*q - 9 = -3*j. Let k(r) = -14*r**2 - r**2 + 9*r**q + 9*r + 5*r**2 + 1. Is k(6) composite?
True
Let n = 174 - 156. Suppose -14*a - 21748 = -n*a. Is a a composite number?
False
Let d(c) = 527*c - 2253. Is d(18) prime?
False
Let i(d) = d**3 + 3*d**2 - 19*d - 3. Let y be i(-6). Suppose -x + 3*h = 6*h - 5314, -15978 = -y*x + 3*h. Is x a prime number?
True
Let r(i) = 82322*i**2 - 20*i - 35. Is r(-2) composite?
False
Let v be (3/24)/((-2)/(-12))*2824. Suppose -10*z + 2552 + v = 0. Is z prime?
True
Let z = -435 - -440. Suppose -z*i + 645 = -6380. Is i composite?
True
Let g be (375/6)/(3/(-6)). Let i = -60 - g. Is (-5774)/5*i/(-26) a composite number?
False
Let p(y) = 14*y - 26. Let i be p(-3). Let a(o) = -o - 142. Let n be a(0). Let l = i - n. Is l composite?
True
Let r be ((-5)/(-2))/5*-310. Suppose -21*l + 20*l = -36. Let w = l - r. Is w prime?
True
Let p = 17 - 17. Suppose v + 2*v - 2928 = p. Let t = v - 9. Is t composite?
False
Let x(k) = 6*k**3 + 19*k**2 + 20*k + 6. Let o(u) = 7*u**3 + 20*u**2 + 21*u + 7. Let v(n) = -5*o(n) + 6*x(n). Is v(7) prime?
False
Let w be 4 + (2 - -1) + -7. Suppose -5*f - 3423 + 10418 = w. Is f a prime number?
True
Let g be (-1557)/(-27) + (-1 - 2/(-6)). Let x = -52 + g. Suppose 0*p + 5046 = 4*t + 3*p, -5062 = -4*t + x*p. Is t a prime number?
False
Is (15 + 46762)/(-7 + 8) a prime number?
False
Suppose g - 15 = -4*x + 5, 3*g = -4*x + 36. Is ((g - 23) + -25242)*1/(-3) a composite number?
False
Suppose -3*d = 9212 - 54704. Suppose 3*t - 4*u - d = -t, -t + 4*u = -3803. Is t a prime number?
False
Let c(x) = -6967*x - 9. Let r be c(2). Let w = r + 32728. Is 2/3 + w/15 + 2 a prime number?
False
Let i be 6 + 0 + (1 - 2). Suppose -5*x - 118 = -d + 167, i*d - 1529 = -x. Is d a prime number?
False
Suppose -5*l - 96389 = -c, c - 3*l - 29334 = 67043. Is c prime?
False
Let m(d) = -d**3 + 2*d**2 - 3*d + 2008. Let t be m(0). Let v = 4251 - t. Is v a prime number?
True
Is (-678720)/(-9) + -2 + 505/303 a composite number?
True
Let n be (1 + 46/(-4))*-118. Let l(t) = 290*t + 2. Let m be l(-3). Let r = m + n. Is r composite?
True
Let s = -289932 - -1282669. Is s a prime number?
True
Suppose -2*g + 6*g + k - 5507 = 0, -6910 = -5*g + 4*k. Let o(r) = 11*r + 57. Let m be o(-5). Is (m - 2) + g + -1 - -4 a composite number?
False
Let v be -10*(-9)/(90/31774). Let b = v - 8951. Is b a prime number?
False
Let t = -749 + 756. Let s(j) be the third derivative of j**5/5 + j**4/3 + j**3/2 - 5*j**2. Is s(t) a prime number?
True
Let d(w) be the first derivative of 109*w**5/120 - w**4/6 - 7*w**3/3 - 5. Let s(p) be the third derivative of d(p). Is s(5) a prime number?
True
Suppose 2*z + 710 = -3*z. Let b = z + 142. Suppose 6*t - 9*t + 7233 = b. Is t prime?
True
Suppose 0 = -13*k + 648574 + 3405697. Is k prime?
True
Let h = 39701 + 58332. Is h prime?
False
Let u(n) = 5 + 0*n**3 + 6*n + n**2 - 5*n + n**3. Let o be u(0). Suppose -2*l + k + 3354 = 0, -l + o*k + 1200 = -468. Is l prime?
False
Is 8/(-252) - 5/(-35) - (-5042028)/54 prime?
True
Let y = -63272 + 103129. Is y prime?
True
Suppose -6*h + 47 = -55. Let s be ((-68)/h)/(-2 + 0). Is -4 + 137 - (0 + s) prime?
True
Let d be -5 + 1 + -3 + 3. Is (-42)/168 - 8597/d prime?
False
Suppose a + 31 = 36. Suppose a*h - 904 = -3*s, -5*h = 5*s - 1220 - 290. Suppose -2*v - 5*r + s = -1511, 0 = 3*r. Is v prime?
True
Let k be ((-10)/6)/(1250/(-120) + 10). Suppose r + t - 6247 = k*t, -r + 6247 = -2*t. Is r a composite number?
False
Is 102/153*(-82191)/(-2) a prime number?
True
Let l = 399 - 396. Suppose -4537 = 3*p - 4*v - 30530, 4*p - l*v - 34655 = 0. Is p a prime number?
True
Let l = 781112 + -554139. Is l a composite number?
True
Let a = -386 + 1047. Let x = a - 38. Is x composite?
True
Let s(w) = 37*w**2 + 127*w + 573. Is s(-65) composite?
True
Suppose -873776 = 80*s - 2527495 - 1310681. Is s prime?
False
Let l be (-50834)/(-3) + (-17 + 10)/(-21). Suppose -32*m = -27*m - l. Is m prime?
True
Let p(o) = -2*o**3 - 7*o - 5. Suppose -3*d + 4 = -3*a - d, -2*d + 6 = -2*a. Suppose -a*z = -14*z - 72. Is p(z) a prime number?
False
Suppose 0 = -1818*h + 1788*h + 4564410. Is h a composite number?
False
Let a(r) = -72752*r**3 + r**2 + 5*r + 13. Is a(-2) composite?
True
Let r = -2191128 + 3107617. Is r composite?
True
Suppose -5*i + 5*d + 456540 = 0, -2*i = -5*d + 7775 - 190376. Is i prime?
False
Suppose -7600 = -2*m + 4*p, 9*p - 11436 = -3*m + 6*p. Suppose 0 = -2*x + m + 12574. Is x prime?
True
Let y(w) = -w**2 + w - 1. Let i(j) = -13*j**2 - 10*j - 10. Let z(p) = i(p) + 6*y(p). Let d(n) = -n**2 - n. Let q(t) = 6*d(t) - z(t). Is q(-9) a prime number?
True
Let g(j) be the second derivative of 1/6*j**4 + 0 + 9/2*j**2 + 19*j - 1/6*j**3. Is g(4) composite?
False
Let r = 52 - 51. Suppose r = 2*x - n - 0, -5 = -5*n. Is ((-629 + x)/2)/(26/(-91)) a prime number?
False
Suppose 3*r = 5*o + 108113, -19*r + 4*o + 72078 = -17*r. Suppose 11189 = 12*q - r. Is q a composite number?
True
Suppose -75*j = -8365822 - 12830230 + 239027. Is j a prime number?
False
Suppose -18*o + 21*o = 0. Suppose o = -33*a + 36*a - 12. Is (-1)/a - (-83235)/124 prime?
False
Let a = -276093 + 423010. Is a a composite number?
False
Suppose 0 = 3*s, 4*d - s + 6*s = 0. Suppose j + 296 - 19 = d. Let x = 264 - j. Is x a composite number?
False
Suppose 13*u = -19*u - 192. Is -2 - (-22*(-3207)/u)